What are the prime factors of z?
3, 73
Suppose 381 = 3*v + 3*t + t, -4*v + 3*t + 483 = 0. Suppose -v*a + 125*a - 206 = 0. What are the prime factors of a?
103
Suppose 0 = 8*k - 6*k + 16. Let f(o) = -o**3 - 8*o**2 - 9*o + 4. List the prime factors of f(k).
2, 19
Let s(v) = 6*v**2 - 60*v + 461. What are the prime factors of s(8)?
5, 73
Let h be ((-4)/(-3))/((-70)/(-21) + -4). What are the prime factors of ((-230)/4)/(1/h)?
5, 23
Let w(t) = -12*t**3 + 10*t**2 - 20*t - 77. List the prime factors of w(-6).
5, 599
What are the prime factors of 10/(-30) + (297330/(-9))/(-11)?
3, 7, 11, 13
Let z(l) = 13 + 5*l - 7*l + 3*l - 2. Let x be z(-5). Suppose 94 = -i + x*i + t, -2*i + 3*t = -24. What are the prime factors of i?
2, 3
Suppose -3*z - 5*g + 2201 = 0, -2*g + 793 - 2287 = -2*z. List the prime factors of z.
2, 7, 53
Let u = -12 + 17. Suppose -2*j + 36 = 2*y, -2*j - 2 = -u*y - 17. What are the prime factors of j*(-1)/(-6)*10?
5
What are the prime factors of (-48)/(-264) - (476680/(-44))/2?
5417
Let g(t) = 66*t**2 - 16*t + 91. List the prime factors of g(6).
2371
Suppose -4*b + 3*d + 336 = -0*b, 5*b + 2*d - 397 = 0. Suppose 16*x = 19*x - b. List the prime factors of x.
3
Let t be (-165)/(-2) - (-24)/16. Suppose 4*c = 2*n + 55 + 43, t = 3*c + 2*n. Let x = 47 - c. What are the prime factors of x?
3, 7
Let q(d) = -d**3 - 18*d**2 - 15*d - 101. What are the prime factors of q(-22)?
5, 433
Let y be ((-72)/(1*-4))/2. Suppose -20 = -y*r + 8*r. Suppose 0 = 3*m - r - 16. List the prime factors of m.
2, 3
Let q = 29 - 29. Suppose q = 4*k, 5*s - 2*k - 3*k = 0. Let t(j) = -j + 3. What are the prime factors of t(s)?
3
Let p(x) = 8*x + 4. Let j be 4/14*(8 - 1). Suppose j*c = 3*c - 2. What are the prime factors of p(c)?
2, 5
What are the prime factors of (-188)/94 - (1 - (0 + 355))?
2, 11
Let x(r) = -r - 15. Let z be x(-16). List the prime factors of -3*z/6*-14.
7
Suppose 4*t = t + 183. Suppose -3*d = 3, -2*w - d = -3*w + t. What are the prime factors of w?
2, 3, 5
Let d(j) = j**2 + 2*j + 3. Let b be d(-3). Suppose 5*y + 55 = 3*f + b, 0 = -3*f - y + 19. List the prime factors of f.
2
Let r(c) = -c**3 + c**2 + 5. Let n be r(0). Suppose -5*m + 41 = -l, 0 = -n*m + 3*l + 23 + 20. List the prime factors of m.
2
Let c(a) = -9*a + 150. What are the prime factors of c(0)?
2, 3, 5
Let d = 149 + -100. Suppose -f = 3*g - 9 - 14, 0 = -4*g - 5*f + d. List the prime factors of g*(-8)/(-3) + 1.
17
Let w(k) = -3*k - 1. Let s(n) be the first derivative of -n**2/2 - n + 5. Let o(f) = -5*s(f) + 2*w(f). List the prime factors of o(-6).
3
Let i(s) = s**2 - 17*s + 27. Let o be i(20). List the prime factors of o/(5 - (-45)/(-10)).
2, 3, 29
Suppose 0 = -4*j - 9*m + 10*m + 4466, -m + 2 = 0. What are the prime factors of j?
1117
Let z = -73 - -247. Suppose 4*c = 2*p + 242, 5*p + 126 = 5*c - z. What are the prime factors of c?
61
Suppose 0 = -3*f - g + 9, 3*f - 5*g + 15 = 8*f. Suppose -o = f*o. Suppose o = 2*p + y - 77, 4*p - p - 2*y - 112 = 0. What are the prime factors of p?
2, 19
Let s = -191 + 318. Let j = 297 - s. What are the prime factors of j?
2, 5, 17
Suppose 0 = -4*x - 48 + 1672. What are the prime factors of x?
2, 7, 29
Suppose -k = 5*a - 2*k + 30, -2*a + 4*k = 12. Let z(i) = i**2 + 7*i + 2. Let h be z(a). Let o(d) = d**3 + 4*d**2 - 5*d. What are the prime factors of o(h)?
2, 5
Let l = 8 + -21. Let r(j) = j + 18. Let p be r(l). Suppose -8 = -t + p*m + 70, 0 = -4*m - 12. List the prime factors of t.
3, 7
Let t(v) = v**3 - 2*v**2 - 3*v - 7. Let s = -30 - -29. Let h be s - (-6)/3 - -3. List the prime factors of t(h).
13
Suppose 23 = -3*v - 5*j - 5, -4*v + 2*j + 6 = 0. Let d be 1 - v - (-3 - 4). Let f = 41 - d. List the prime factors of f.
2
Let k = -126 + 62. Let c = k + 166. What are the prime factors of c?
2, 3, 17
List the prime factors of 41/(5/(-12) + 150/200).
3, 41
Let g(z) = 431*z**2 + 9*z - 12. List the prime factors of g(3).
2, 3, 11, 59
Let x = -15 + 17. Suppose -3*v - 2*g = -85, -g = -x*v + 48 + 4. What are the prime factors of v?
3
Suppose 0 = 5*o + 5*j - 1825, -4*o + 751 = -2*o - 5*j. Let t = 529 - o. What are the prime factors of t?
7, 23
Let u be 20/(-3) + 14/21. List the prime factors of (3/u)/(6/(-72)).
2, 3
Suppose 5*o - 29 = -3*a, o = 10*a - 12*a + 10. Suppose -2*m + m = -2. Suppose 0 = m*u - 5*k - 34, o*k + 51 = 4*u - u. List the prime factors of u.
17
Suppose -4 = -4*q, -4*i = -0*q - 4*q + 292. Let x be (i/21)/((-5)/35). What are the prime factors of (-3)/(-12) + 666/x?
2, 7
Let c(n) = 4302*n**2 + n + 1. What are the prime factors of c(-1)?
2, 3, 239
Suppose 6*s - 15608 - 8086 = 0. What are the prime factors of s?
11, 359
Let d = 34 - 12. Suppose -3*u + 32 = 2*v, 2*u + 5*v + d = 3*u. Suppose u*o - 7*o = 210. List the prime factors of o.
2, 3, 7
Suppose 0 = -4*l + 5*l + 5*z - 8, 3*l - 3*z - 6 = 0. Suppose 2*o - d - 158 = -l*d, 2*o = -4*d + 164. List the prime factors of o.
2, 19
Suppose 2*i + 5*d - 8 = 0, i + i + 4*d - 10 = 0. Let s be 4/(-6) - (-10)/6. List the prime factors of (-2 - 0 - s) + i.
2, 3
Let p = 23 - 13. Let f = 350 + -346. Suppose -f*y = p - 38. What are the prime factors of y?
7
Let i = 314 - -55. What are the prime factors of i?
3, 41
Let d = -14 + 14. Suppose -4*v + 9 - 25 = d. Let i(r) = r**3 + 6*r**2 + 5*r + 5. What are the prime factors of i(v)?
17
Let b be (-76)/(-8) - (-3)/(-6). Suppose -4*n - b = -n. Let u(o) = -o**3 - o**2 - o - 3. List the prime factors of u(n).
2, 3
Suppose -37*n + 112482 = -47913. What are the prime factors of n?
3, 5, 17
Suppose 8*t = -186 + 618. List the prime factors of t.
2, 3
Suppose 3*i + 3*o + 1369 = 8*i, 5*i = -o + 1377. Suppose -i = -3*j - 2. List the prime factors of j.
7, 13
Let b(w) = w**3 + w**2 - 6*w + 2. Let m be b(-4). Let y = 38 + m. List the prime factors of y.
2
Let z(j) = -j**3 - 4*j**2 - 6*j - 3. Let t be z(-2). What are the prime factors of -125*t*(-2)/5?
2, 5
Let t = 39 + -37. List the prime factors of 14/7*(61/t - -1).
3, 7
Suppose 0 = 3*s - 2*s. Suppose s*b - 141 = -3*b. Let o = b - 23. What are the prime factors of o?
2, 3
Let h(y) = 4*y**3 + 2*y**2 + y - 4. Suppose 4*l + 8 = 8*l. What are the prime factors of h(l)?
2, 19
Let n be ((-11)/(-2) - 30/(-20)) + -3. List the prime factors of 2 + 1 + 107 + n + 0.
2, 3, 19
Suppose -5*u - 683 = -o, -u = -1 + 4. List the prime factors of o.
2, 167
Let b(o) = o**3 + 9*o**2 + o + 6. Let m be b(-9). What are the prime factors of (-150)/6*(m + 2)?
5
Suppose -10*d + 4 = -8*d. Suppose -d*l - 6 - 4 = 0, 3*l = 3*g - 39. Suppose 48 = w - 2*k, 28 = w - 5*k - g. What are the prime factors of w?
2, 7
Let r = -3685 + 6414. What are the prime factors of r?
2729
Let z(d) = d**3 - 5*d**2 + 5*d - 2. Let i(s) = -s**3 + 6*s**2 - 5*s + 1. Let u(q) = 6*i(q) + 5*z(q). What are the prime factors of u(5)?
11
Suppose -3*y + 0*y = 0. Let i(m) = 12*m - 67. Let w be i(6). Suppose 0 = -w*k + 7 + 18, f + 4*k - 50 = y. What are the prime factors of f?
2, 3, 5
Let l(x) = -x**2 + x - 1064. Let i be l(0). Let p be i/(-10) + 24/(-60). Let f = p - 59. What are the prime factors of f?
47
Let x = 5 + -2. Suppose n - 81 = -r - 2*r, x*r - 4*n = 66. List the prime factors of r.
2, 13
Let u = 16 - 12. List the prime factors of 59 + (-1 - -4) + u/(-4).
61
Let d be -12*(4/(-6) + 1). Let z be (-1)/((d/144)/(-1)). Let v = z - -40. What are the prime factors of v?
2
Suppose -6*m + 4 = -32. Suppose m*k = k + 1010. What are the prime factors of k?
2, 101
Suppose -3*x - 2*z + 6185 = 0, 0*x + 4*x + 2*z - 8244 = 0. List the prime factors of x.
29, 71
Suppose -4*v - 28 + 0 = 0. Let d = 64 + -55. Let x = d + v. What are the prime factors of x?
2
Suppose 5*n - 6100 + 1590 = 0. Suppose -n = -11*x - 0*x. List the prime factors of x.
2, 41
Let f = -970 - -1700. What are the prime factors of f?
2, 5, 73
Suppose -5*v + 337 + 218 = 0. Let o = v + -69. List the prime factors of o.
2, 3, 7
Let u be 0/1 + 2 - (1 + 4). What are the prime factors of -1*(u + -261 + -1)?
5, 53
Let a = -21 - -56. What are the prime factors of a?
5, 7
Let w be ((-3)/(-2))/((-3)/(-6)). Suppose -w*r = -387 - 99. List the prime factors of r.
2, 3
Let k = 1804 - 976. What are the prime factors of k?
2, 3, 23
Let d(l) be the second derivative of 0 + 4*l**2 + 7*l + 1/20*l**5 - l**4 + 13/6*l**3. What are the prime factors of d(11)?
2, 3, 5
Let 